0
What is -619620 (base 11) in base 6?
-33144202
Convert 1011100010110110110011 (base 2) to base 9.
5622336
Convert 602873 (base 9) to base 3.
200002222110
What is 36ea6 (base 16) in base 12?
aa206
Convert -1610729 (base 11) to base 16.
-2a036a
What is -1010110011111000011 (base 2) in base 16?
-567c3
2302113 (base 10) to base 4
20302002201
Convert -13031413 (base 6) to base 4.
-1213203201
-110010110101010001 (base 2) to base 14
-55c41
Convert -1000121001122 (base 3) to base 14.
-101d25
Convert 13565262 (base 8) to base 6.
145522522
976c (base 14) to base 11
18726
233440323 (base 5) to base 12
43b730
What is -101101110110101111010 (base 2) in base 14?
-2b1838
-9a9931 (base 11) to base 12
-65714b
What is d8d4 (base 14) in base 15?
b151
Convert -143553 (base 6) to base 8.
-32775
What is -693a3 (base 14) in base 8?
-763663
902319 (base 10) to base 11
566a20
What is 26280 (base 11) in base 8?
111336
Convert -45251032 (base 6) to base 15.
-1c2762
Convert 654341 (base 7) to base 3.
12210220212
What is -a1164a (base 13) in base 7?
-43554452
Convert d730d2 (base 15) to base 8.
47031234
What is 29bb35 (base 14) in base 15?
1dab39
What is 447c2 (base 16) in base 14?
7432a
What is -5464033 (base 8) in base 6?
-51250203
What is -1038421 (base 10) in base 7?
-11553316
Convert -22601002 (base 7) to base 8.
-7442123
What is 39478 (base 16) in base 13?
82a35
What is -100111101110100111 (base 2) in base 5?
-20201402
71034 (base 10) to base 13
26442
484629 (base 10) to base 16
76515
What is -1041554 (base 6) in base 10?
-52270
Convert -8235b (base 16) to base 11.
-334784
-77212 (base 11) to base 5
-12041214
What is -33551020 (base 6) in base 7?
-11500254
-3012212200 (base 4) to base 8
-3064640
-1000111100000111001 (base 2) to base 16
-47839
Convert 2202403 (base 7) to base 11.
174780
What is 111001100101010110010 (base 2) in base 8?
7145262
Convert -361b9 (base 13) to base 4.
-120031302
Convert 69645a (base 14) to base 4.
31230132000
9c5b8 (base 13) to base 5
33100114
Convert -33254434 (base 6) to base 14.
-1c1674
Convert 130601 (base 8) to base 12.
22369
1021960 (base 11) to base 13
4b1a78
1771612 (base 8) to base 16
7f38a
What is 91191 (base 15) in base 5?
104144421
-13615086 (base 9) to base 4
-121231331232
200230121 (base 4) to base 9
223622
Convert 110000010111001 (base 2) to base 9.
36862
Convert -c2bc (base 15) to base 11.
-28999
1020211210200 (base 3) to base 2
10100010101000110010
1314414231 (base 5) to base 16
3209d4
b289a (base 14) to base 8
1507310
24877 (base 14) to base 4
111312021
Convert -b945e (base 16) to base 15.
-eecbd
-110100111100110011 (base 2) to base 3
-102000111201
100011000010111 (base 2) to base 11
12532
Convert -69416 (base 10) to base 3.
-10112012222
Convert -12ae2 (base 15) to base 6.
-1141005
What is -7294c2 (base 15) in base 12?
-19a8b78
Convert 11764 (base 11) to base 10.
16889
Convert 3014402 (base 7) to base 4.
1113020312
Convert 1a2209 (base 14) to base 6.
31515413
Convert 30330202123 (base 4) to base 2.
1100111100100010011011
8bc91a (base 13) to base 9
6207710
-211021012220 (base 3) to base 11
-27a324
-10000001011101101010001 (base 2) to base 16
-40bb51
Convert -6911593 (base 10) to base 8.
-32273151
What is 27ca19 (base 14) in base 11?
862465
10001012001211 (base 3) to base 5
403231300
Convert -19760 (base 12) to base 7.
-213642
10111552 (base 6) to base 8
1065234
What is -1020022122201 (base 3) in base 8?
-2400751
Convert -b34b (base 15) to base 2.
-1001001111101111
Convert -14921 (base 11) to base 14.
-7977
Convert 20201101211 (base 3) to base 9.
221354
Convert -424004004 (base 5) to base 7.
-21100422
-2013651 (base 7) to base 5
-30122213
24705647 (base 9) to base 15
10e2db4
Convert -794895 (base 10) to base 14.
-169983
Convert 1894280 (base 12) to base 15.
6c2040
Convert -228a60 (base 11) to base 7.
-3042131
-300779 (base 10) to base 8
-1113353
Convert 1e2c7 (base 16) to base 7.
1023216
What is 10030114134 (base 5) in base 9?
20737272
Convert -65940 (base 10) to base 15.
-14810
Convert 41939a (base 12) to base 15.
155c61
24a2a1 (base 16) to base 5
1103312204
Convert 585752 (base 12) to base 5.
330413013
Convert 5670372 (base 9) to base 5.
1240321414
-212121111100 (base 3) to base 15
-92a73
What is 1010000100200 (base 3) in base 8?
2201637
Convert 1614620 (base 7) to base 6.
4434232
What is -8236 (base 11) in base 2?
-10101010110001
37dd0 (base 15) to base 8
534674
What is -1514865 (base 9) in base 5?
-203234440
114091 (base 11) to base 6
3514300
2024302210 (base 5) to base 10
4134680
Convert -204110020 (base 5) to base 2.
-11001110111010010110
What is 4111170 (base 9) in base 4?
20113031313
What is 3112030030 (base 4) in base 9?
1576414
4aabd (base 15) to base 16
3a456
Convert -46677 (base 8) to base 3.
-1000022011
44140113 (base 5) to base 7
3143535
What is -10242152 (base 6) in base 8?
-1114164
Convert 12310011020 (base 4) to base 9.
3322158
4402225 (base 6) to base 15
449ee
What is 373042 (base 9) in base 14?
5c16b
-55783 (base 13) to base 15
-30e3a
-13143200 (base 6) to base 9
-730680
Convert -1370249 (base 10) to base 5.
-322321444
1cc8 (base 13) to base 4
1010211
Convert -363861 (base 14) to base 9.
-3435006
Convert -83ca60 (base 14) to base 4.
-100333013030
What is -133330325 (base 6) in base 11?
-1575645
2221011210101 (base 3) to base 8
5743662
13320012310 (base 4) to base 8
7700664
Convert -36bb2 (base 15) to base 12.
-8517b
What is -10103211 (base 5) in base 14?
-21aa5
What is -1101100011101001111110 (base 2) in base 8?
-15435176
What is 2032110030 (base 4) in base 6?
20254420
What is -69659a (base 13) in base 2?
-1001100010000110010001
-17022 (base 12) to base 3
-1200001222
What is 66120 (base 7) in base 8?
40217
What is -1d3038 (base 14) in base 12?
-425062
What is -5243421 (base 6) in base 12?
-103571
-560312 (base 7) to base 9
-160222
Convert -2103411 (base 5) to base 8.
-104050
Convert 87187a (base 12) to base 4.
20022022132
17576630 (base 8) to base 15
568252
What is -400013 (base 7) in base 3?
-10102020022
-b4826 (base 15) to base 2
-10001011101100110011
-102213202233 (base 4) to base 14
-9108b5
3eac80 (base 15) to base 5
1233222240
Convert -303132321 (base 4) to base 10.
-210873
What is 40256223 (base 7) in base 3?
20021210022110
What is 1073569 (base 13) in base 10?
5034259
2b993 (base 16) to base 9
301861
Convert 102994 (base 10) to base 16.
19252
What is 1875374 (base 9) in base 12?
429957
Convert -27554614 (base 8) to base 6.
-341122044
Convert -370363 (base 9) to base 15.
-462b9
What is 1234161 (base 9) in base 4?
2210020102
10300 (base 10) to base 8
24074
-13284644 (base 9) to base 16
-63f718
Convert 1001010000100010 (base 2) to base 15.
b382
-11001100110101100001 (base 2) to base 13
-234b72
-48430 (base 9) to base 16
-7eab
Convert -1488873 (base 10) to base 11.
-927681
Convert -12350311 (base 7) to base 4.
-10101302032
10250 (base 6) to base 15
633
What is 503304 (base 6) in base 7?
223366
ba8a8 (base 13) to base 12
14347b
-1157705 (base 10) to base 5
-244021310
100331430 (base 6) to base 15
23ac90
Convert 50149 (base 13) to base 4.
202322323
Convert -290141 (base 10) to base 2.
-1000110110101011101
Convert -16ca8 (base 13) to base 7.
-242005
Convert 410724 (base 8) to base 14.
37604
Convert -1232aa1 (base 12) to base 4.
-31202322121
Convert 1413510 (base 7) to base 6.
4012543
-221402 (base 5) to base 10
-7727
What is 555520312 (base 6) in base 3?
200221202001022
139738 (base 12) to base 7
2533142
What is -10111000110000111 (base 2) in base 14?
-26691
Convert 1337745 (base 8) to base 5.
44024210
Convert -8651381 (base 10) to base 7.
-133351454
Convert -236350 (base 7) to base 11.
-2a393
What is -40719a (base 12) in base 13?
-293884
Convert -1c883b (base 14) to base 7.
-11455504
Convert 5253a2 (base 11) to base 3.
1120202112212
-11110111101000010001 (base 2) to base 13
-296893
Convert 18605 (base 10) to base 9.
27462
Convert -2032311212 (base 4) to base 6.
-20312342
Convert -282b210 (base 12) to base 3.
-120002122001010
Convert -599707 (base 10) to base 14.
-1187a3
Convert 330223254 (base 6) to base 9.
12077827
Convert -112200202221 (base 3) to base 2.
-1000110100111100001
1132643 (base 7) to base 16
22d4e
What is 33001022 (base 5) in base 9?
467882
Convert -61121 (base 11) to base 14.
-247a1